base 14
3
What is -121 (base 5) in base 9?
-40
51 (base 11) to base 4
320
What is -1c (base 14) in base 6?
-42
What is -4 (base 15) in base 5?
-4
Convert 3 (base 8) to base 6.
3
What is 7 (base 10) in base 15?
7
c9 (base 13) to base 8
245
Convert 201 (base 4) to base 3.
1020
What is 3 (base 13) in base 7?
3
-47 (base 14) to base 16
-3f
-1100 (base 2) to base 6
-20
Convert 20022 (base 3) to base 16.
aa
-1 (base 3) to base 11
-1
What is 21 (base 3) in base 13?
7
Convert -20 (base 9) to base 7.
-24
What is 51 (base 7) in base 6?
100
Convert -3 (base 13) to base 3.
-10
What is 101 (base 5) in base 12?
22
What is -560 (base 7) in base 5?
-2122
Convert 7 (base 10) to base 2.
111
4 (base 6) to base 13
4
3 (base 10) to base 3
10
-164 (base 10) to base 5
-1124
Convert 5 (base 10) to base 5.
10
What is 6 (base 10) in base 15?
6
Convert -2 (base 12) to base 2.
-10
260 (base 9) to base 6
1000
What is 36 (base 11) in base 14?
2b
What is -442 (base 5) in base 10?
-122
-3 (base 12) to base 2
-11
What is 12 (base 3) in base 12?
5
131 (base 9) to base 11
9a
9 (base 15) to base 10
9
Convert ee (base 15) to base 5.
1344
2 (base 5) to base 4
2
101011 (base 2) to base 7
61
1 (base 11) to base 14
1
-1010 (base 6) to base 9
-266
Convert 46 (base 10) to base 3.
1201
What is 55 (base 12) in base 2?
1000001
Convert -11 (base 14) to base 7.
-21
Convert -221 (base 5) to base 14.
-45
What is a (base 16) in base 9?
11
What is 50 (base 11) in base 6?
131
Convert -10121 (base 3) to base 14.
-6d
Convert -15 (base 10) to base 16.
-f
4 (base 14) to base 3
11
What is -11 (base 3) in base 10?
-4
What is -5 (base 6) in base 5?
-10
What is -1101001 (base 2) in base 9?
-126
203 (base 7) to base 10
101
-2 (base 3) to base 5
-2
9 (base 14) to base 9
10
Convert -a9 (base 13) to base 16.
-8b
Convert -c (base 13) to base 9.
-13
-11 (base 2) to base 7
-3
-3 (base 16) to base 14
-3
What is 1011 (base 2) in base 13?
b
What is 11 (base 2) in base 15?
3
What is 11000111 (base 2) in base 13?
124
2 (base 9) to base 8
2
What is -59 (base 15) in base 16?
-54
What is -15 (base 10) in base 14?
-11
Convert -100 (base 2) to base 5.
-4
What is 0 (base 2) in base 13?
0
47 (base 12) to base 7
106
What is 2 (base 5) in base 15?
2
Convert 34 (base 7) to base 11.
23
Convert -1d (base 16) to base 11.
-27
Convert 0 (base 11) to base 4.
0
What is -14 (base 9) in base 6?
-21
Convert -5 (base 7) to base 10.
-5
Convert -31 (base 7) to base 13.
-19
Convert 133 (base 4) to base 5.
111
What is -4 (base 9) in base 2?
-100
What is -11 (base 14) in base 11?
-14
11 (base 5) to base 8
6
-57 (base 8) to base 4
-233
-14 (base 14) to base 5
-33
What is -7 (base 14) in base 5?
-12
Convert -2002 (base 3) to base 8.
-70
Convert 0 (base 8) to base 16.
0
43 (base 8) to base 2
100011
What is 2 (base 3) in base 11?
2
24 (base 12) to base 4
130
What is -2 (base 7) in base 5?
-2
What is 0 (base 7) in base 13?
0
-3 (base 16) to base 4
-3
What is -101 (base 2) in base 11?
-5
5 (base 15) to base 11
5
-7a (base 12) to base 7
-163
What is 1 (base 11) in base 6?
1
Convert -168 (base 9) to base 8.
-217
136 (base 7) to base 14
56
What is -2 (base 12) in base 16?
-2
What is -4 (base 10) in base 11?
-4
Convert -2 (base 13) to base 2.
-10
What is -98 (base 14) in base 12?
-b2
What is -89 (base 11) in base 8?
-141
What is 213 (base 6) in base 5?
311
-10 (base 2) to base 8
-2
What is -1201 (base 3) in base 13?
-37
What is 23 (base 12) in base 4?
123
What is -c (base 15) in base 16?
-c
Convert -1 (base 16) to base 9.
-1
11 (base 2) to base 7
3
Convert -1111 (base 2) to base 12.
-13
Convert 26 (base 9) to base 15.
19
What is 0 (base 16) in base 12?
0
Convert -113 (base 6) to base 5.
-140
-3 (base 8) to base 14
-3
What is 1010 (base 5) in base 11?
109
-53 (base 9) to base 11
-44
Convert 0 (base 3) to base 8.
0
What is -2 (base 14) in base 15?
-2
What is 7 (base 13) in base 7?
10
What is 1 (base 9) in base 5?
1
What is -4 (base 7) in base 8?
-4
120 (base 11) to base 5
1033
Convert -1102 (base 3) to base 8.
-46
62 (base 7) to base 2
101100
What is 1 (base 4) in base 9?
1
Convert -39 (base 15) to base 5.
-204
Convert 84 (base 12) to base 14.
72
Convert -1 (base 6) to base 4.
-1
What is -6 (base 16) in base 11?
-6
-10 (base 10) to base 12
-a
102 (base 4) to base 13
15
What is 3d (base 14) in base 4?
313
-1111001 (base 2) to base 11
-100
10222 (base 3) to base 5
412
Convert 33 (base 9) to base 11.
28
Convert 8 (base 11) to base 12.
8
20 (base 4) to base 12
8
What is 1100 (base 2) in base 9?
13
What is -2 (base 7) in base 9?
-2
Convert -31 (base 16) to base 3.
-1211
What is -75 (base 9) in base 11?
-62
-8 (base 15) to base 8
-10
-4 (base 10) to base 3
-11
What is a9 (base 15) in base 6?
423
Convert 0 (base 3) to base 13.
0
Convert -6 (base 10) to base 6.
-10
59 (base 16) to base 4
1121
-60 (base 16) to base 3
-10120
-88 (base 11) to base 10
-96
What is 13 (base 7) in base 3?
101
What is -4 (base 10) in base 15?
-4
Convert -73 (base 16) to base 7.
-223
Convert -102 (base 10) to base 6.
-250
-14 (base 15) to base 3
-201
Convert -11 (base 7) to base 2.
-1000
What is -3 (base 7) in base 9?
-3
-19 (base 10) to base 7
-25
Convert -1411 (base 6) to base 9.
-447
What is -4 (base 15) in base 13?
-4
47 (base 8) to base 15
29
What is 232 (base 4) in base 14?
34
Convert 54 (base 13) to base 2.
1000101
1111001 (base 2) to base 4
1321
Convert 2 (base 4) to base 11.
2
25 (base 8) to base 16
15
10 (base 6) to base 8
6
Convert -2 (base 3) to base 12.
-2
What is -c (base 14) in base 4?
-30
Convert -1 (base 13) to base 14.
-1
Convert 43 (base 13) to base 2.
110111
-4 (base 11) to base 10
-4
Convert -3132 (base 4) to base 10.
-222
-322 (base 7) to base 5
-1123
What is 6 (base 16) in base 12?
6
5 (base 14) to base 9
5
Convert 0 (base 11) to base 9.
0
-1 (base 11) to base 16
-1
What is e (base 15) in base 6?
22
What is 66 (base 11) in base 13?
57
Convert -12 (base 15) to base 10.
-17
What is 27 (base 13) in base 6?
53
What is -20 (base 10) in base 2?
-10100
What is -82 (base 13) in base 7?
-211
What is 2011 (base 4) in base 16?
85
Convert -23 (base 11) to base 8.
-31
-110 (base 3) to base 2
-1100
What is -1010 (base 4) in base 8?
-104
What is -3 (base 10) in base 2?
-11
Convert -11111 (base 4) to base 10.
-341
-179 (base 12) to base 14
-12d
Convert -3 (base 13) to base 16.
-3
Convert -4 (base 14) to base 6.
-4
Convert -2 (base 15) to base 2.
-10
Convert -14 (base 14) to base 8.
-22
Convert -2 (base 6) to base 2.
-10
What is 12 (base 7) in base 13?
9
Convert -41 (base 5) to base 14.
-17
-26 (base 12) to base 3
-1010
7 (base 8) to base 2
111
What is -1011 (base 2) in base 9?
-12
-1011010 (base 2) to base 4
-1122
What is -282 (base 11) in base 15?
-172
-12 (base 5) to base 16
-7
Convert 39 (base 14) to base 11.
47
What is 54 (base 8) in base 6?
112
Convert -82 (base 10) to base 7.
-145
What is -7 (base 14) in base 15?
-7
13 (base 5) to base 16
8
30 (base 4) to base 16
c
-232 (base 8) to base 11
-130
What is -3 (base 5) in base 2?
-11
What is 3 (base 7) in base 3?
10
Convert 12 (base 13) to base 15.
10
What is 28 (base 13) in base 15?
24
What is -1 (base 5) in base 15?
-1
What is -36 (base 7) in base 6?
-43
10 (base 4) to base 14
4
2b (base 13) to base 16
25
What is -116 (base 7) in base 5?
-222
-2 (base 4) to base 2
-10
Convert -142 (base 11) to base 16.
-a7
1010 (base 3) to base 8
36
What is -101 (base 2) in base 11?
-5
2 (base 16) to base 6
2
11110 (base 2) to base 4
132
Convert 1250 (base 6) to base 13.
1b6
What is -7 (base 10) in base 7?
-10
Convert 7 (base 16) to base 8.
7
What is -2 (base 5) in base 13?
-2
Convert -d (base 14) to base 7.
-16
Convert 102 (base 5) to base 9.
30
3 (base 15) to base 10
3
Convert 55 (base 7) to base 14.
2c
What is -22 (base 6) in base 5?
-24
313 (base 6) to base 5
432
Convert -401 (base 5) to base 7.
-203
1 (base 13) to base 6
1
Convert -b0 (base 13) to base 11.
-120
-30 (base 16) to base 3
-1210
101 (base 2) to base 14
5
What is -12 (base 6) in base 16?
-8
1 (base 15) to base 5
1
214 (base 6) to base 3
10001
What is -6 (base 10) in base 12?
-6
Convert 4 (base 8) to base 9.
4
Convert 32 (base 12) to base 13.
2c
Convert -3 (base 5) to base 11.
-3
-10001100 (base 2) to base 15
-95
Convert 2 (base 6) to base 8.
2
2 (base 11) to base 15
2
Con